e factors of 6796.
2, 1699
What are the prime factors of 7687?
7687
List the prime factors of 86052.
2, 3, 71, 101
List the prime factors of 125655.
3, 5, 8377
What are the prime factors of 78018?
2, 3, 13003
List the prime factors of 136087.
7, 19441
What are the prime factors of 34824?
2, 3, 1451
List the prime factors of 1635.
3, 5, 109
What are the prime factors of 118601?
7, 16943
List the prime factors of 176116.
2, 44029
List the prime factors of 28076.
2, 7019
What are the prime factors of 19659?
3, 6553
List the prime factors of 616.
2, 7, 11
What are the prime factors of 1668?
2, 3, 139
What are the prime factors of 39031?
23, 1697
List the prime factors of 4442.
2, 2221
List the prime factors of 71347.
71347
What are the prime factors of 51059?
51059
What are the prime factors of 39108?
2, 3, 3259
List the prime factors of 1065.
3, 5, 71
List the prime factors of 4433.
11, 13, 31
List the prime factors of 3422.
2, 29, 59
What are the prime factors of 4911?
3, 1637
What are the prime factors of 15320?
2, 5, 383
What are the prime factors of 1099?
7, 157
List the prime factors of 178749.
3, 19861
List the prime factors of 4548.
2, 3, 379
List the prime factors of 43643.
19, 2297
What are the prime factors of 447?
3, 149
List the prime factors of 2635.
5, 17, 31
What are the prime factors of 27861?
3, 37, 251
What are the prime factors of 12061?
7, 1723
List the prime factors of 1504.
2, 47
What are the prime factors of 3484?
2, 13, 67
List the prime factors of 1960.
2, 5, 7
List the prime factors of 702.
2, 3, 13
List the prime factors of 9944.
2, 11, 113
What are the prime factors of 4893?
3, 7, 233
What are the prime factors of 160989?
3, 103, 521
What are the prime factors of 3351?
3, 1117
What are the prime factors of 528?
2, 3, 11
What are the prime factors of 6814?
2, 3407
List the prime factors of 12009.
3, 4003
What are the prime factors of 129?
3, 43
What are the prime factors of 7318?
2, 3659
What are the prime factors of 33868?
2, 8467
What are the prime factors of 57277?
11, 41, 127
List the prime factors of 2291.
29, 79
List the prime factors of 258.
2, 3, 43
What are the prime factors of 11604?
2, 3, 967
List the prime factors of 1273.
19, 67
List the prime factors of 695.
5, 139
What are the prime factors of 319?
11, 29
List the prime factors of 2863.
7, 409
List the prime factors of 83574.
2, 3, 4643
List the prime factors of 1386.
2, 3, 7, 11
List the prime factors of 40979.
43, 953
What are the prime factors of 25348?
2, 6337
What are the prime factors of 20919?
3, 19, 367
What are the prime factors of 1657?
1657
What are the prime factors of 729?
3
List the prime factors of 10910.
2, 5, 1091
What are the prime factors of 153481?
31, 4951
List the prime factors of 1784.
2, 223
What are the prime factors of 82147?
13, 71, 89
List the prime factors of 18402.
2, 3, 3067
List the prime factors of 9573.
3, 3191
What are the prime factors of 42676?
2, 47, 227
List the prime factors of 33919.
107, 317
What are the prime factors of 64329?
3, 41, 523
List the prime factors of 1278.
2, 3, 71
What are the prime factors of 1206?
2, 3, 67
What are the prime factors of 3881?
3881
List the prime factors of 1151.
1151
List the prime factors of 58713.
3, 19571
List the prime factors of 913.
11, 83
List the prime factors of 98484.
2, 3, 29, 283
List the prime factors of 5711.
5711
List the prime factors of 1189.
29, 41
What are the prime factors of 1155?
3, 5, 7, 11
List the prime factors of 1265.
5, 11, 23
What are the prime factors of 7804?
2, 1951
What are the prime factors of 8447?
8447
What are the prime factors of 141318?
2, 3, 2617
What are the prime factors of 3962?
2, 7, 283
List the prime factors of 961.
31
What are the prime factors of 926?
2, 463
What are the prime factors of 5527?
5527
List the prime factors of 4160.
2, 5, 13
List the prime factors of 1216.
2, 19
List the prime factors of 16054.
2, 23, 349
List the prime factors of 8210.
2, 5, 821
List the prime factors of 19441.
19441
What are the prime factors of 33343?
33343
What are the prime factors of 42072?
2, 3, 1753
List the prime factors of 683.
683
What are the prime factors of 3197?
23, 139
List the prime factors of 21621.
3, 7207
What are the prime factors of 4817?
4817
List the prime factors of 78743.
7, 1607
List the prime factors of 14176.
2, 443
List the prime factors of 41676.
2, 3, 23, 151
What are the prime factors of 21205?
5, 4241
What are the prime factors of 9038?
2, 4519
What are the prime factors of 7477?
7477
What are the prime factors of 341?
11, 31
What are the prime factors of 1135?
5, 227
List the prime factors of 57278.
2, 13, 2203
What are the prime factors of 18761?
73, 257
What are the prime factors of 255?
3, 5, 17
What are the prime factors of 91982?
2, 11, 37, 113
List the prime factors of 8062.
2, 29, 139
List the prime factors of 3076.
2, 769
What are the prime factors of 17998?
2, 8999
What are the prime factors of 3245?
5, 11, 59
What are the prime factors of 6173?
6173
List the prime factors of 2520.
2, 3, 5, 7
List the prime factors of 2457.
3, 7, 13
What are the prime factors of 128209?
29, 4421
What are the prime factors of 100558?
2, 137, 367
List the prime factors of 50.
2, 5
What are the prime factors of 8775?
3, 5, 13
List the prime factors of 382.
2, 191
List the prime factors of 4378.
2, 11, 199
What are the prime factors of 24486?
2, 3, 7, 11, 53
What are the prime factors of 17155?
5, 47, 73
List the prime factors of 858.
2, 3, 11, 13
What are the prime factors of 87137?
79, 1103
What are the prime factors of 1177?
11, 107
List the prime factors of 2550.
2, 3, 5, 17
List the prime factors of 488.
2, 61
What are the prime factors of 2195?
5, 439
List the prime factors of 451.
11, 41
What are the prime factors of 1096?
2, 137
What are the prime factors of 632?
2, 79
What are the prime factors of 289?
17
What are the prime factors of 10913?
7, 1559
What are the prime factors of 2152?
2, 269
List the prime factors of 5072.
2, 317
What are the prime factors of 5356?
2, 13, 103
List the prime factors of 23128.
2, 7, 59
List the prime factors of 5524.
2, 1381
List the prime factors of 8856.
2, 3, 41
List the prime factors of 1719.
3, 191
List the prime factors of 4634.
2, 7, 331
What are the prime factors of 1581?
3, 17, 31
What are the prime factors of 17230?
2, 5, 1723
What are the prime factors of 12901?
7, 19, 97
What are the prime factors of 55742?
2, 47, 593
List the prime factors of 1860.
2, 3, 5, 31
What are the prime factors of 886?
2, 443
What are the prime factors of 98611?
31, 3181
What are the prime factors of 698?
2, 349
What are the prime factors of 50002?
2, 23, 1087
What are the prime factors of 154654?
2, 53, 1459
List the prime factors of 2344.
2, 293
List the prime factors of 56450.
2, 5, 1129
List the prime factors of 17031.
3, 7, 811
List the prime factors of 29553.
3, 9851
What are the prime factors of 10176?
2, 3, 53
List the prime factors of 486.
2, 3
What are the prime factors of 3270?
2, 3, 5, 109
What are the prime factors of 1216?
2, 19
List the prime factors of 555.
3, 5, 37
List the prime factors of 9031.
11, 821
What are the prime factors of 102809?
7, 19, 773
List the prime factors of 66791.
66791
List the prime factors of 13884.
2, 3, 13, 89
What are the prime factors of 8942?
2, 17, 263
List the prime factors of 9594.
2, 3, 13, 41
What are the prime factors of 4098?
2, 3, 683
What are the prime factors of 9685?
5, 13, 149
List the prime factors of 6178.
2, 3089
What are the prime factors of 1083?
3, 19
List the prime factors of 1119.
3, 373
List the prime factors of 30680.
2, 5, 13, 59
What are the prime factors of 407?
11, 37
What are the prime factors of 1739?
37, 47
List the prime factors of 417.
3, 139
What are the prime factors of 4484?
2, 19, 59
What are the prime factors of 2416?
2, 151
List the prime factors of 12273.
3, 4091
List the prime factors of 1305.
3, 5, 29
List the prime factors of 594.
2, 3, 11
List the prime factors of 36561.
3, 7, 1741
What are the prime factors of 1511?
1511
What are the prime factors of 75089?
7, 17, 631
List the prime factors of 9384.
2, 3, 17, 23
What are the prime factors of 9?
3
What are the prime factors of 2290?
2, 5, 229
List the prime fact